{"id":152,"date":"2023-12-19T15:33:49","date_gmt":"2023-12-19T13:33:49","guid":{"rendered":"https:\/\/mausgecheckt.de\/?page_id=152"},"modified":"2025-06-01T20:25:21","modified_gmt":"2025-06-01T18:25:21","slug":"details-zu-den-disney-kreuzfahrtschiffen","status":"publish","type":"page","link":"https:\/\/mausgecheckt.de\/index.php\/disney-cruise-line\/details-zu-den-disney-kreuzfahrtschiffen\/","title":{"rendered":"Es gibt Kreuzfahrtschiffe von Disney ?"},"content":{"rendered":"\n<p>Disney Cruise Line ist eine Kreuzfahrtlinie, die von der Walt Disney Company betrieben wird. Sie wurde 1996 gegr\u00fcndet und bietet Familienkreuzfahrten mit verschiedenen Themen, die sich auf das Disney-Universum beziehen. Die Flotte besteht aus verschiedenen Schiffen, von denen jedes einzigartige Eigenschaften und Angebote hat. Hier sind einige Schl\u00fcsselmerkmale der Disney Cruise Line-Schiffe:<\/p>\n\n\n\n<ol class=\"wp-block-list\">\n<li><strong><a href=\"https:\/\/mausgecheckt.de\/index.php\/disney-cruise-line\/disney-magic-kreuzfahrtschiff\/\" data-type=\"page\" data-id=\"155\">Disney Magic<\/a><\/strong>: Das erste Schiff der Flotte, gestartet 1998. Es kombiniert klassische Nostalgie und moderne Annehmlichkeiten. Die Innenausstattung ist von den 1930er Jahren inspiriert, mit einem Hauch von Disney-Zauber.<br>Gebucht f\u00fcr 2024-Februar, back to back<\/li>\n\n\n\n<li><strong><a href=\"https:\/\/mausgecheckt.de\/index.php\/disney-cruise-line\/disney-wonder-kreuzfahrtschiff\/\" data-type=\"page\" data-id=\"160\">Disney Wonder<\/a><\/strong>: Schwester-Schiff der Disney Magic, das 1999 seine Jungfernfahrt hatte. Es teilt viele Designelemente mit der Magic, bietet aber seine eigenen einzigartigen Shows und Restaurants. <br>Bereist 2022 nach <a href=\"https:\/\/mausgecheckt.de\/index.php\/disney-cruise-line\/2022-05-wonder-alaska\/\" data-type=\"page\" data-id=\"44\">Alaska<\/a>.<\/li>\n\n\n\n<li><strong><a href=\"https:\/\/mausgecheckt.de\/index.php\/disney-cruise-line\/disney-dream-kreuzfahrtschiff-2\/\" data-type=\"page\" data-id=\"162\">Disney Dream<\/a><\/strong>: In Dienst gestellt im Jahr 2011, ist dieses Schiff gr\u00f6\u00dfer und bietet fortgeschrittenere Technologie als seine Vorg\u00e4nger. Zu den Highlights geh\u00f6ren der &#8220;AquaDuck&#8221;, eine Wasserrutsche, die um das Schiff herumf\u00fchrt, und virtuelle Portholes in Innenkabinen, die Live-Ansichten von au\u00dfen zeigen.<br>Bereist 2023 in die Karibik als Very Merrytime Spezial. Playliste folgt.<\/li>\n\n\n\n<li><strong><a href=\"https:\/\/mausgecheckt.de\/index.php\/disney-fantasy-kreuzfahrtschiff\/\" data-type=\"page\" data-id=\"164\">Disney Fantasy<\/a><\/strong>: \u00c4hnlich wie die Dream, wurde die Fantasy 2012 eingef\u00fchrt. Dieses Schiff bietet zus\u00e4tzliche Unterhaltungsangebote, darunter eigene Broadway-\u00e4hnliche Shows.<br>Bereist 2023 in die <a href=\"https:\/\/mausgecheckt.de\/index.php\/disney-cruise-line\/disney-cruise-line-fantasy-pixar-day-at-sea-western-caribbean-2023-0203\/\" data-type=\"page\" data-id=\"107\">West-Karibik<\/a>.<\/li>\n\n\n\n<li><strong><a data-type=\"page\" data-id=\"166\" href=\"https:\/\/mausgecheckt.de\/index.php\/disney-cruise-line\/disney-wish-kreuzfahrtschiff\/\">Disney Wish<\/a><\/strong>: Das neueste Schiff in der Flotte, fertiggestellt erst 2022. Es wird erwartet, dass die Disney Wish die neuesten und fortschrittlichsten Features von Disney Cruise Line bietet, einschlie\u00dflich neuer Themenerlebnisse und Unterhaltungsm\u00f6glichkeiten.<br>Bereist 2022 in die <a data-type=\"page\" data-id=\"48\" href=\"https:\/\/mausgecheckt.de\/index.php\/disney-cruise-line\/48-2\/\">Karibik<\/a>. &#8220;Cinderalla Design&#8221;<\/li>\n\n\n\n<li><a data-type=\"page\" data-id=\"168\" href=\"https:\/\/mausgecheckt.de\/index.php\/disney-cruise-line\/disney-treasure-kreuzfahrtschiff\/\"><strong>Disney Treasure<\/strong><\/a> (bereits im Mai 2025 in der Karibik mit <a data-type=\"page\" data-id=\"176\" href=\"https:\/\/mausgecheckt.de\/index.php\/disney-cruise-line\/castaway-cay-disneys-private-insel\/\"><strong><em>Castaway Cay<\/em><\/strong><\/a> besucht) &#8211; &#8220;Jasmin und Aladdin&#8221;.<\/li>\n\n\n\n<li>sowie die <a data-type=\"page\" data-id=\"284\" href=\"https:\/\/mausgecheckt.de\/index.php\/disney-cruise-line\/details-zu-den-disney-kreuzfahrtschiffen\/disney-destiny-kreuzfahrtschiff\/\"><strong>Disney Destiny<\/strong><\/a>, das 3. Schiff aus der zweiten Baureihe der Papenburger Werft (im Mai 2026) &#8211; &#8220;Villains and Heroes&#8221;<\/li>\n\n\n\n<li>sowie die <a data-type=\"page\" data-id=\"170\" href=\"https:\/\/mausgecheckt.de\/index.php\/disney-cruise-line\/disney-adventure-kreuzfahrtschiff\/\"><strong>Disney Adventure<\/strong><\/a> (im Dezember 2026 Back-to-back, also zwei mal) &#8211; bei den Ex-MV-Werften in Wismar gebaut, von der neu gegr\u00fcndeten Meyer Werft Tochter Meyer Wismar fertiggestellt und f\u00fcr den asiatischen Markt mit Heimat Singapur.<\/li>\n<\/ol>\n\n\n\n<p>Au\u00dferdem kommen 2 Triton-Klasse, also Wish&#8230; , f\u00fcr die &#8220;Japaner&#8221;, <br>also nicht direkt von DCL, beide aus Papenburg, <br>sowie 3 mittel-gro\u00dfe, noch ohne Zeitplan, auch aus Papenburg.<\/p>\n\n\n\n<p>So far wissen wir das:<\/p>\n\n\n\n<p><strong>Schiff<\/strong>, Werft sowie die <strong>Interne Baunummer<\/strong>:<br>Disney Magic, Fincantieri (Ancona\/Marghera) 5989<br>Disney Wonder, Fincantieri (Marghera) 5990<br>Disney Dream, Meyer Werft (Papenburg) S.687<br>Disney Fantasy, Meyer Werft (Papenburg) S.688<br>Disney Wish, Meyer Werft (Papenburg) S.705<br>Disney Treasure, Meyer Werft (Papenburg) S.718 (erst f\u00fcr 2026 gebucht)<br>Disney Destiny, Meyer Werft (Papenburg) S.706<br>sowie die Disney Adventure 125 (bereisen wir noch 2025!).<\/p>\n\n\n\n<figure class=\"wp-block-image size-large\"><img loading=\"lazy\" decoding=\"async\" width=\"1024\" height=\"768\" src=\"https:\/\/mausgecheckt.de\/wp-content\/uploads\/2024\/04\/IMG_9027-1024x768.jpeg\" alt=\"\" class=\"wp-image-290\" srcset=\"https:\/\/mausgecheckt.de\/wp-content\/uploads\/2024\/04\/IMG_9027-1024x768.jpeg 1024w, https:\/\/mausgecheckt.de\/wp-content\/uploads\/2024\/04\/IMG_9027-300x225.jpeg 300w, https:\/\/mausgecheckt.de\/wp-content\/uploads\/2024\/04\/IMG_9027-768x576.jpeg 768w, https:\/\/mausgecheckt.de\/wp-content\/uploads\/2024\/04\/IMG_9027-1536x1152.jpeg 1536w, https:\/\/mausgecheckt.de\/wp-content\/uploads\/2024\/04\/IMG_9027.jpeg 1701w\" sizes=\"auto, (max-width: 1024px) 100vw, 1024px\" \/><figcaption class=\"wp-element-caption\">Die beiden Schiffe TREASURE + DESTINY am 31.3.24 zeitgleich in der Halle 6.<\/figcaption><\/figure>\n\n\n\n<p><\/p>\n\n\n\n<p><\/p>\n\n\n\n<p><\/p>\n","protected":false},"excerpt":{"rendered":"<p>Disney Cruise Line ist eine Kreuzfahrtlinie, die von der Walt Disney Company betrieben wird. Sie wurde 1996 gegr\u00fcndet und bietet Familienkreuzfahrten mit verschiedenen Themen, die sich auf das Disney-Universum beziehen. Die Flotte besteht aus verschiedenen Schiffen, von denen jedes einzigartige Eigenschaften und Angebote hat. Hier sind einige Schl\u00fcsselmerkmale der Disney Cruise Line-Schiffe: Au\u00dferdem kommen 2 [&hellip;]<\/p>\n","protected":false},"author":1,"featured_media":0,"parent":36,"menu_order":5,"comment_status":"closed","ping_status":"closed","template":"","meta":{"footnotes":""},"class_list":["post-152","page","type-page","status-publish","hentry"],"yoast_head":"<!-- This site is optimized with the Yoast SEO plugin v27.3 - https:\/\/yoast.com\/product\/yoast-seo-wordpress\/ -->\n<title>Es gibt Kreuzfahrtschiffe von Disney ? - mausgecheckt - das Disney Vlog \u00fcber Cruise Line und Parks auf Deutsch<\/title>\n<meta name=\"robots\" content=\"index, follow, max-snippet:-1, max-image-preview:large, max-video-preview:-1\" \/>\n<link rel=\"canonical\" href=\"https:\/\/mausgecheckt.de\/index.php\/disney-cruise-line\/details-zu-den-disney-kreuzfahrtschiffen\/\" \/>\n<meta property=\"og:locale\" content=\"en_US\" \/>\n<meta property=\"og:type\" content=\"article\" \/>\n<meta property=\"og:title\" content=\"Es gibt Kreuzfahrtschiffe von Disney ? - mausgecheckt - das Disney Vlog \u00fcber Cruise Line und Parks auf Deutsch\" \/>\n<meta property=\"og:description\" content=\"Disney Cruise Line ist eine Kreuzfahrtlinie, die von der Walt Disney Company betrieben wird. Sie wurde 1996 gegr\u00fcndet und bietet Familienkreuzfahrten mit verschiedenen Themen, die sich auf das Disney-Universum beziehen. Die Flotte besteht aus verschiedenen Schiffen, von denen jedes einzigartige Eigenschaften und Angebote hat. Hier sind einige Schl\u00fcsselmerkmale der Disney Cruise Line-Schiffe: Au\u00dferdem kommen 2 [&hellip;]\" \/>\n<meta property=\"og:url\" content=\"https:\/\/mausgecheckt.de\/index.php\/disney-cruise-line\/details-zu-den-disney-kreuzfahrtschiffen\/\" \/>\n<meta property=\"og:site_name\" content=\"mausgecheckt - das Disney Vlog \u00fcber Cruise Line und Parks auf Deutsch\" \/>\n<meta property=\"article:publisher\" content=\"https:\/\/facebook.com\/mausgecheckt\" \/>\n<meta property=\"article:modified_time\" content=\"2025-06-01T18:25:21+00:00\" \/>\n<meta property=\"og:image\" content=\"https:\/\/mausgecheckt.de\/wp-content\/uploads\/2024\/04\/IMG_9027.jpeg\" \/>\n\t<meta property=\"og:image:width\" content=\"1701\" \/>\n\t<meta property=\"og:image:height\" content=\"1276\" \/>\n\t<meta property=\"og:image:type\" content=\"image\/jpeg\" \/>\n<meta name=\"twitter:card\" content=\"summary_large_image\" \/>\n<meta name=\"twitter:label1\" content=\"Est. reading time\" \/>\n\t<meta name=\"twitter:data1\" content=\"2 minutes\" \/>\n<script type=\"application\/ld+json\" class=\"yoast-schema-graph\">{\"@context\":\"https:\\\/\\\/schema.org\",\"@graph\":[{\"@type\":\"WebPage\",\"@id\":\"https:\\\/\\\/mausgecheckt.de\\\/index.php\\\/disney-cruise-line\\\/details-zu-den-disney-kreuzfahrtschiffen\\\/\",\"url\":\"https:\\\/\\\/mausgecheckt.de\\\/index.php\\\/disney-cruise-line\\\/details-zu-den-disney-kreuzfahrtschiffen\\\/\",\"name\":\"Es gibt Kreuzfahrtschiffe von Disney ? - mausgecheckt - das Disney Vlog \u00fcber Cruise Line und Parks auf Deutsch\",\"isPartOf\":{\"@id\":\"https:\\\/\\\/mausgecheckt.de\\\/#website\"},\"primaryImageOfPage\":{\"@id\":\"https:\\\/\\\/mausgecheckt.de\\\/index.php\\\/disney-cruise-line\\\/details-zu-den-disney-kreuzfahrtschiffen\\\/#primaryimage\"},\"image\":{\"@id\":\"https:\\\/\\\/mausgecheckt.de\\\/index.php\\\/disney-cruise-line\\\/details-zu-den-disney-kreuzfahrtschiffen\\\/#primaryimage\"},\"thumbnailUrl\":\"https:\\\/\\\/mausgecheckt.de\\\/wp-content\\\/uploads\\\/2024\\\/04\\\/IMG_9027-1024x768.jpeg\",\"datePublished\":\"2023-12-19T13:33:49+00:00\",\"dateModified\":\"2025-06-01T18:25:21+00:00\",\"breadcrumb\":{\"@id\":\"https:\\\/\\\/mausgecheckt.de\\\/index.php\\\/disney-cruise-line\\\/details-zu-den-disney-kreuzfahrtschiffen\\\/#breadcrumb\"},\"inLanguage\":\"en-US\",\"potentialAction\":[{\"@type\":\"ReadAction\",\"target\":[\"https:\\\/\\\/mausgecheckt.de\\\/index.php\\\/disney-cruise-line\\\/details-zu-den-disney-kreuzfahrtschiffen\\\/\"]}]},{\"@type\":\"ImageObject\",\"inLanguage\":\"en-US\",\"@id\":\"https:\\\/\\\/mausgecheckt.de\\\/index.php\\\/disney-cruise-line\\\/details-zu-den-disney-kreuzfahrtschiffen\\\/#primaryimage\",\"url\":\"https:\\\/\\\/mausgecheckt.de\\\/wp-content\\\/uploads\\\/2024\\\/04\\\/IMG_9027.jpeg\",\"contentUrl\":\"https:\\\/\\\/mausgecheckt.de\\\/wp-content\\\/uploads\\\/2024\\\/04\\\/IMG_9027.jpeg\",\"width\":1701,\"height\":1276,\"caption\":\"Die beiden Schiffe TREASURE + DESTINY am 31.3.24 in der Halle 6.\"},{\"@type\":\"BreadcrumbList\",\"@id\":\"https:\\\/\\\/mausgecheckt.de\\\/index.php\\\/disney-cruise-line\\\/details-zu-den-disney-kreuzfahrtschiffen\\\/#breadcrumb\",\"itemListElement\":[{\"@type\":\"ListItem\",\"position\":1,\"name\":\"mausgecheckt\",\"item\":\"https:\\\/\\\/mausgecheckt.de\\\/\"},{\"@type\":\"ListItem\",\"position\":2,\"name\":\"Disney Cruise Line\",\"item\":\"https:\\\/\\\/mausgecheckt.de\\\/index.php\\\/disney-cruise-line\\\/\"},{\"@type\":\"ListItem\",\"position\":3,\"name\":\"Es gibt Kreuzfahrtschiffe von Disney ?\"}]},{\"@type\":\"WebSite\",\"@id\":\"https:\\\/\\\/mausgecheckt.de\\\/#website\",\"url\":\"https:\\\/\\\/mausgecheckt.de\\\/\",\"name\":\"mausgecheckt - das Disney Vlog \u00fcber Cruise Line und Parks auf Deutsch\",\"description\":\"shows me where to go: Disney Cruise Line, Walt Disney World, Disney Parks weltweit auf Youtube\",\"publisher\":{\"@id\":\"https:\\\/\\\/mausgecheckt.de\\\/#organization\"},\"alternateName\":\"Disnerds vloggen auf Deutsch \u00fcber weltweite Disney-Reisen\",\"potentialAction\":[{\"@type\":\"SearchAction\",\"target\":{\"@type\":\"EntryPoint\",\"urlTemplate\":\"https:\\\/\\\/mausgecheckt.de\\\/?s={search_term_string}\"},\"query-input\":{\"@type\":\"PropertyValueSpecification\",\"valueRequired\":true,\"valueName\":\"search_term_string\"}}],\"inLanguage\":\"en-US\"},{\"@type\":\"Organization\",\"@id\":\"https:\\\/\\\/mausgecheckt.de\\\/#organization\",\"name\":\"Mausgecheckt\",\"alternateName\":\"Mausgecheckt von Stefanie & Andre Gellert\",\"url\":\"https:\\\/\\\/mausgecheckt.de\\\/\",\"logo\":{\"@type\":\"ImageObject\",\"inLanguage\":\"en-US\",\"@id\":\"https:\\\/\\\/mausgecheckt.de\\\/#\\\/schema\\\/logo\\\/image\\\/\",\"url\":\"https:\\\/\\\/mausgecheckt.de\\\/wp-content\\\/uploads\\\/2025\\\/01\\\/cropped-Logo-Mausgecheckt-v3-quadrat-400.jpg\",\"contentUrl\":\"https:\\\/\\\/mausgecheckt.de\\\/wp-content\\\/uploads\\\/2025\\\/01\\\/cropped-Logo-Mausgecheckt-v3-quadrat-400.jpg\",\"width\":512,\"height\":512,\"caption\":\"Mausgecheckt\"},\"image\":{\"@id\":\"https:\\\/\\\/mausgecheckt.de\\\/#\\\/schema\\\/logo\\\/image\\\/\"},\"sameAs\":[\"https:\\\/\\\/facebook.com\\\/mausgecheckt\",\"https:\\\/\\\/instagram.com\\\/mausgecheckt\",\"https:\\\/\\\/youtube.com\\\/@mausgecheckt\"]}]}<\/script>\n<!-- \/ Yoast SEO plugin. -->","yoast_head_json":{"title":"Es gibt Kreuzfahrtschiffe von Disney ? - mausgecheckt - das Disney Vlog \u00fcber Cruise Line und Parks auf Deutsch","robots":{"index":"index","follow":"follow","max-snippet":"max-snippet:-1","max-image-preview":"max-image-preview:large","max-video-preview":"max-video-preview:-1"},"canonical":"https:\/\/mausgecheckt.de\/index.php\/disney-cruise-line\/details-zu-den-disney-kreuzfahrtschiffen\/","og_locale":"en_US","og_type":"article","og_title":"Es gibt Kreuzfahrtschiffe von Disney ? - mausgecheckt - das Disney Vlog \u00fcber Cruise Line und Parks auf Deutsch","og_description":"Disney Cruise Line ist eine Kreuzfahrtlinie, die von der Walt Disney Company betrieben wird. Sie wurde 1996 gegr\u00fcndet und bietet Familienkreuzfahrten mit verschiedenen Themen, die sich auf das Disney-Universum beziehen. Die Flotte besteht aus verschiedenen Schiffen, von denen jedes einzigartige Eigenschaften und Angebote hat. Hier sind einige Schl\u00fcsselmerkmale der Disney Cruise Line-Schiffe: Au\u00dferdem kommen 2 [&hellip;]","og_url":"https:\/\/mausgecheckt.de\/index.php\/disney-cruise-line\/details-zu-den-disney-kreuzfahrtschiffen\/","og_site_name":"mausgecheckt - das Disney Vlog \u00fcber Cruise Line und Parks auf Deutsch","article_publisher":"https:\/\/facebook.com\/mausgecheckt","article_modified_time":"2025-06-01T18:25:21+00:00","og_image":[{"width":1701,"height":1276,"url":"https:\/\/mausgecheckt.de\/wp-content\/uploads\/2024\/04\/IMG_9027.jpeg","type":"image\/jpeg"}],"twitter_card":"summary_large_image","twitter_misc":{"Est. reading time":"2 minutes"},"schema":{"@context":"https:\/\/schema.org","@graph":[{"@type":"WebPage","@id":"https:\/\/mausgecheckt.de\/index.php\/disney-cruise-line\/details-zu-den-disney-kreuzfahrtschiffen\/","url":"https:\/\/mausgecheckt.de\/index.php\/disney-cruise-line\/details-zu-den-disney-kreuzfahrtschiffen\/","name":"Es gibt Kreuzfahrtschiffe von Disney ? - mausgecheckt - das Disney Vlog \u00fcber Cruise Line und Parks auf Deutsch","isPartOf":{"@id":"https:\/\/mausgecheckt.de\/#website"},"primaryImageOfPage":{"@id":"https:\/\/mausgecheckt.de\/index.php\/disney-cruise-line\/details-zu-den-disney-kreuzfahrtschiffen\/#primaryimage"},"image":{"@id":"https:\/\/mausgecheckt.de\/index.php\/disney-cruise-line\/details-zu-den-disney-kreuzfahrtschiffen\/#primaryimage"},"thumbnailUrl":"https:\/\/mausgecheckt.de\/wp-content\/uploads\/2024\/04\/IMG_9027-1024x768.jpeg","datePublished":"2023-12-19T13:33:49+00:00","dateModified":"2025-06-01T18:25:21+00:00","breadcrumb":{"@id":"https:\/\/mausgecheckt.de\/index.php\/disney-cruise-line\/details-zu-den-disney-kreuzfahrtschiffen\/#breadcrumb"},"inLanguage":"en-US","potentialAction":[{"@type":"ReadAction","target":["https:\/\/mausgecheckt.de\/index.php\/disney-cruise-line\/details-zu-den-disney-kreuzfahrtschiffen\/"]}]},{"@type":"ImageObject","inLanguage":"en-US","@id":"https:\/\/mausgecheckt.de\/index.php\/disney-cruise-line\/details-zu-den-disney-kreuzfahrtschiffen\/#primaryimage","url":"https:\/\/mausgecheckt.de\/wp-content\/uploads\/2024\/04\/IMG_9027.jpeg","contentUrl":"https:\/\/mausgecheckt.de\/wp-content\/uploads\/2024\/04\/IMG_9027.jpeg","width":1701,"height":1276,"caption":"Die beiden Schiffe TREASURE + DESTINY am 31.3.24 in der Halle 6."},{"@type":"BreadcrumbList","@id":"https:\/\/mausgecheckt.de\/index.php\/disney-cruise-line\/details-zu-den-disney-kreuzfahrtschiffen\/#breadcrumb","itemListElement":[{"@type":"ListItem","position":1,"name":"mausgecheckt","item":"https:\/\/mausgecheckt.de\/"},{"@type":"ListItem","position":2,"name":"Disney Cruise Line","item":"https:\/\/mausgecheckt.de\/index.php\/disney-cruise-line\/"},{"@type":"ListItem","position":3,"name":"Es gibt Kreuzfahrtschiffe von Disney ?"}]},{"@type":"WebSite","@id":"https:\/\/mausgecheckt.de\/#website","url":"https:\/\/mausgecheckt.de\/","name":"mausgecheckt - das Disney Vlog \u00fcber Cruise Line und Parks auf Deutsch","description":"shows me where to go: Disney Cruise Line, Walt Disney World, Disney Parks weltweit auf Youtube","publisher":{"@id":"https:\/\/mausgecheckt.de\/#organization"},"alternateName":"Disnerds vloggen auf Deutsch \u00fcber weltweite Disney-Reisen","potentialAction":[{"@type":"SearchAction","target":{"@type":"EntryPoint","urlTemplate":"https:\/\/mausgecheckt.de\/?s={search_term_string}"},"query-input":{"@type":"PropertyValueSpecification","valueRequired":true,"valueName":"search_term_string"}}],"inLanguage":"en-US"},{"@type":"Organization","@id":"https:\/\/mausgecheckt.de\/#organization","name":"Mausgecheckt","alternateName":"Mausgecheckt von Stefanie & Andre Gellert","url":"https:\/\/mausgecheckt.de\/","logo":{"@type":"ImageObject","inLanguage":"en-US","@id":"https:\/\/mausgecheckt.de\/#\/schema\/logo\/image\/","url":"https:\/\/mausgecheckt.de\/wp-content\/uploads\/2025\/01\/cropped-Logo-Mausgecheckt-v3-quadrat-400.jpg","contentUrl":"https:\/\/mausgecheckt.de\/wp-content\/uploads\/2025\/01\/cropped-Logo-Mausgecheckt-v3-quadrat-400.jpg","width":512,"height":512,"caption":"Mausgecheckt"},"image":{"@id":"https:\/\/mausgecheckt.de\/#\/schema\/logo\/image\/"},"sameAs":["https:\/\/facebook.com\/mausgecheckt","https:\/\/instagram.com\/mausgecheckt","https:\/\/youtube.com\/@mausgecheckt"]}]}},"_links":{"self":[{"href":"https:\/\/mausgecheckt.de\/index.php\/wp-json\/wp\/v2\/pages\/152","targetHints":{"allow":["GET"]}}],"collection":[{"href":"https:\/\/mausgecheckt.de\/index.php\/wp-json\/wp\/v2\/pages"}],"about":[{"href":"https:\/\/mausgecheckt.de\/index.php\/wp-json\/wp\/v2\/types\/page"}],"author":[{"embeddable":true,"href":"https:\/\/mausgecheckt.de\/index.php\/wp-json\/wp\/v2\/users\/1"}],"replies":[{"embeddable":true,"href":"https:\/\/mausgecheckt.de\/index.php\/wp-json\/wp\/v2\/comments?post=152"}],"version-history":[{"count":15,"href":"https:\/\/mausgecheckt.de\/index.php\/wp-json\/wp\/v2\/pages\/152\/revisions"}],"predecessor-version":[{"id":742,"href":"https:\/\/mausgecheckt.de\/index.php\/wp-json\/wp\/v2\/pages\/152\/revisions\/742"}],"up":[{"embeddable":true,"href":"https:\/\/mausgecheckt.de\/index.php\/wp-json\/wp\/v2\/pages\/36"}],"wp:attachment":[{"href":"https:\/\/mausgecheckt.de\/index.php\/wp-json\/wp\/v2\/media?parent=152"}],"curies":[{"name":"wp","href":"https:\/\/api.w.org\/{rel}","templated":true}]}}