{"id":897,"date":"2025-11-01T21:52:32","date_gmt":"2025-11-01T19:52:32","guid":{"rendered":"https:\/\/mausgecheckt.de\/?page_id=897"},"modified":"2025-11-01T21:53:06","modified_gmt":"2025-11-01T19:53:06","slug":"disney-hotels-kalifornien","status":"publish","type":"page","link":"https:\/\/mausgecheckt.de\/index.php\/disneyland-kalifornien\/disney-hotels-kalifornien\/","title":{"rendered":"Disney Hotels Kalifornien"},"content":{"rendered":"\n<p>In unserem <a href=\"https:\/\/mausgecheckt.de\/index.php\/weingeschenkt-podcast\/\">Podcast<\/a> stellen wir euch ja die Hotels vor&#8230; begleitend hier einmal die Infos zu den nicht-<a href=\"https:\/\/mausgecheckt.de\/index.php\/disney-d23-events\/disney-vacation-club\/\">DVC<\/a> Hotels.<\/p>\n\n\n\n<figure class=\"wp-block-table\"><table class=\"has-fixed-layout\"><thead><tr><th>Jahr<\/th><th>Hotelname<\/th><th>Kategorie<\/th><th>und so&#8230;<\/th><\/tr><\/thead><tbody><tr><td><strong>1955<\/strong><\/td><td><a href=\"https:\/\/disneyland.disney.go.com\/hotels\/disneyland-hotel\/\">Disneyland Hotel<\/a><\/td><td>Deluxe<\/td><td>Er\u00f6ffnet am 5. Oktober 1955 \u2013 urspr\u00fcnglich privat betrieben, sp\u00e4ter von Disney \u00fcbernommen<\/td><\/tr><tr><td><strong>1989<\/strong><\/td><td><a href=\"https:\/\/disneyland.disney.go.com\/hotels\/pixar-place-hotel\/\">Disney\u2019s Paradise Pier Hotel (urspr\u00fcnglich Pan Pacific Hotel)<\/a><\/td><td>Deluxe<\/td><td>1984 als Pan Pacific Hotel er\u00f6ffnet, 1995 von Disney \u00fcbernommen, 2001 als Paradise Pier Hotel neu er\u00f6ffnet<\/td><\/tr><tr><td><strong>2001<\/strong><\/td><td><a href=\"https:\/\/disneyland.disney.go.com\/hotels\/disneys-grand-californian-hotel-and-spa\/\">Disney\u2019s Grand Californian Hotel &amp; Spa<\/a><\/td><td>Deluxe \/ Flagship Hotel<\/td><td>2. Januar 2001 \u2013 direkter Eingang zum Disney California Adventure Park<\/td><\/tr><tr><td><strong>2024<\/strong><\/td><td><a href=\"https:\/\/disneyland.disney.go.com\/hotels\/pixar-place-hotel\/\">Pixar Place Hotel<\/a><\/td><td>Deluxe \/ Themenhotel (Re-Theme)<\/td><td>30. Januar 2024 \u2013 Neuer\u00f6ffnung nach Umbau von Paradise Pier Hotel zu Pixar Thema<\/td><\/tr><\/tbody><\/table><\/figure>\n","protected":false},"excerpt":{"rendered":"<p>In unserem Podcast stellen wir euch ja die Hotels vor&#8230; begleitend hier einmal die Infos zu den nicht-DVC Hotels. Jahr Hotelname Kategorie und so&#8230; 1955 Disneyland Hotel Deluxe Er\u00f6ffnet am 5. Oktober 1955 \u2013 urspr\u00fcnglich privat betrieben, sp\u00e4ter von Disney \u00fcbernommen 1989 Disney\u2019s Paradise Pier Hotel (urspr\u00fcnglich Pan Pacific Hotel) Deluxe 1984 als Pan Pacific [&hellip;]<\/p>\n","protected":false},"author":1,"featured_media":0,"parent":523,"menu_order":0,"comment_status":"closed","ping_status":"closed","template":"","meta":{"footnotes":""},"class_list":["post-897","page","type-page","status-publish","hentry"],"yoast_head":"<!-- This site is optimized with the Yoast SEO plugin v27.5 - https:\/\/yoast.com\/product\/yoast-seo-wordpress\/ -->\n<title>Disney Hotels Kalifornien - mausgecheckt - das Disney Vlog \u00fcber Cruise Line und Parks auf Deutsch<\/title>\n<meta name=\"robots\" content=\"index, follow, max-snippet:-1, max-image-preview:large, max-video-preview:-1\" \/>\n<link rel=\"canonical\" href=\"https:\/\/mausgecheckt.de\/index.php\/disneyland-kalifornien\/disney-hotels-kalifornien\/\" \/>\n<meta property=\"og:locale\" content=\"en_US\" \/>\n<meta property=\"og:type\" content=\"article\" \/>\n<meta property=\"og:title\" content=\"Disney Hotels Kalifornien - mausgecheckt - das Disney Vlog \u00fcber Cruise Line und Parks auf Deutsch\" \/>\n<meta property=\"og:description\" content=\"In unserem Podcast stellen wir euch ja die Hotels vor&#8230; begleitend hier einmal die Infos zu den nicht-DVC Hotels. Jahr Hotelname Kategorie und so&#8230; 1955 Disneyland Hotel Deluxe Er\u00f6ffnet am 5. Oktober 1955 \u2013 urspr\u00fcnglich privat betrieben, sp\u00e4ter von Disney \u00fcbernommen 1989 Disney\u2019s Paradise Pier Hotel (urspr\u00fcnglich Pan Pacific Hotel) Deluxe 1984 als Pan Pacific [&hellip;]\" \/>\n<meta property=\"og:url\" content=\"https:\/\/mausgecheckt.de\/index.php\/disneyland-kalifornien\/disney-hotels-kalifornien\/\" \/>\n<meta property=\"og:site_name\" content=\"mausgecheckt - das Disney Vlog \u00fcber Cruise Line und Parks auf Deutsch\" \/>\n<meta property=\"article:publisher\" content=\"https:\/\/facebook.com\/mausgecheckt\" \/>\n<meta property=\"article:modified_time\" content=\"2025-11-01T19:53:06+00:00\" \/>\n<meta property=\"og:image\" content=\"https:\/\/mausgecheckt.de\/wp-content\/uploads\/2025\/01\/Logo-Mausgecheckt-v3-quadrat-400.jpg\" \/>\n\t<meta property=\"og:image:width\" content=\"400\" \/>\n\t<meta property=\"og:image:height\" content=\"400\" \/>\n\t<meta property=\"og:image:type\" content=\"image\/jpeg\" \/>\n<meta name=\"twitter:card\" content=\"summary_large_image\" \/>\n<meta name=\"twitter:label1\" content=\"Est. reading time\" \/>\n\t<meta name=\"twitter:data1\" content=\"1 minute\" \/>\n<script type=\"application\/ld+json\" class=\"yoast-schema-graph\">{\"@context\":\"https:\\\/\\\/schema.org\",\"@graph\":[{\"@type\":\"WebPage\",\"@id\":\"https:\\\/\\\/mausgecheckt.de\\\/index.php\\\/disneyland-kalifornien\\\/disney-hotels-kalifornien\\\/\",\"url\":\"https:\\\/\\\/mausgecheckt.de\\\/index.php\\\/disneyland-kalifornien\\\/disney-hotels-kalifornien\\\/\",\"name\":\"Disney Hotels Kalifornien - mausgecheckt - das Disney Vlog \u00fcber Cruise Line und Parks auf Deutsch\",\"isPartOf\":{\"@id\":\"https:\\\/\\\/mausgecheckt.de\\\/#website\"},\"datePublished\":\"2025-11-01T19:52:32+00:00\",\"dateModified\":\"2025-11-01T19:53:06+00:00\",\"breadcrumb\":{\"@id\":\"https:\\\/\\\/mausgecheckt.de\\\/index.php\\\/disneyland-kalifornien\\\/disney-hotels-kalifornien\\\/#breadcrumb\"},\"inLanguage\":\"en-US\",\"potentialAction\":[{\"@type\":\"ReadAction\",\"target\":[\"https:\\\/\\\/mausgecheckt.de\\\/index.php\\\/disneyland-kalifornien\\\/disney-hotels-kalifornien\\\/\"]}]},{\"@type\":\"BreadcrumbList\",\"@id\":\"https:\\\/\\\/mausgecheckt.de\\\/index.php\\\/disneyland-kalifornien\\\/disney-hotels-kalifornien\\\/#breadcrumb\",\"itemListElement\":[{\"@type\":\"ListItem\",\"position\":1,\"name\":\"mausgecheckt\",\"item\":\"https:\\\/\\\/mausgecheckt.de\\\/\"},{\"@type\":\"ListItem\",\"position\":2,\"name\":\"Disneyland Kalifornien\",\"item\":\"https:\\\/\\\/mausgecheckt.de\\\/index.php\\\/disneyland-kalifornien\\\/\"},{\"@type\":\"ListItem\",\"position\":3,\"name\":\"Disney Hotels Kalifornien\"}]},{\"@type\":\"WebSite\",\"@id\":\"https:\\\/\\\/mausgecheckt.de\\\/#website\",\"url\":\"https:\\\/\\\/mausgecheckt.de\\\/\",\"name\":\"mausgecheckt - das Disney Vlog \u00fcber Cruise Line und Parks auf Deutsch\",\"description\":\"shows me where to go: Disney Cruise Line, Walt Disney World, Disney Parks weltweit auf Youtube\",\"publisher\":{\"@id\":\"https:\\\/\\\/mausgecheckt.de\\\/#organization\"},\"alternateName\":\"Disnerds vloggen auf Deutsch \u00fcber weltweite Disney-Reisen\",\"potentialAction\":[{\"@type\":\"SearchAction\",\"target\":{\"@type\":\"EntryPoint\",\"urlTemplate\":\"https:\\\/\\\/mausgecheckt.de\\\/?s={search_term_string}\"},\"query-input\":{\"@type\":\"PropertyValueSpecification\",\"valueRequired\":true,\"valueName\":\"search_term_string\"}}],\"inLanguage\":\"en-US\"},{\"@type\":\"Organization\",\"@id\":\"https:\\\/\\\/mausgecheckt.de\\\/#organization\",\"name\":\"Mausgecheckt\",\"alternateName\":\"Mausgecheckt von Stefanie & Andre Gellert\",\"url\":\"https:\\\/\\\/mausgecheckt.de\\\/\",\"logo\":{\"@type\":\"ImageObject\",\"inLanguage\":\"en-US\",\"@id\":\"https:\\\/\\\/mausgecheckt.de\\\/#\\\/schema\\\/logo\\\/image\\\/\",\"url\":\"https:\\\/\\\/mausgecheckt.de\\\/wp-content\\\/uploads\\\/2025\\\/01\\\/cropped-Logo-Mausgecheckt-v3-quadrat-400.jpg\",\"contentUrl\":\"https:\\\/\\\/mausgecheckt.de\\\/wp-content\\\/uploads\\\/2025\\\/01\\\/cropped-Logo-Mausgecheckt-v3-quadrat-400.jpg\",\"width\":512,\"height\":512,\"caption\":\"Mausgecheckt\"},\"image\":{\"@id\":\"https:\\\/\\\/mausgecheckt.de\\\/#\\\/schema\\\/logo\\\/image\\\/\"},\"sameAs\":[\"https:\\\/\\\/facebook.com\\\/mausgecheckt\",\"https:\\\/\\\/instagram.com\\\/mausgecheckt\",\"https:\\\/\\\/youtube.com\\\/@mausgecheckt\"]}]}<\/script>\n<!-- \/ Yoast SEO plugin. -->","yoast_head_json":{"title":"Disney Hotels Kalifornien - mausgecheckt - das Disney Vlog \u00fcber Cruise Line und Parks auf Deutsch","robots":{"index":"index","follow":"follow","max-snippet":"max-snippet:-1","max-image-preview":"max-image-preview:large","max-video-preview":"max-video-preview:-1"},"canonical":"https:\/\/mausgecheckt.de\/index.php\/disneyland-kalifornien\/disney-hotels-kalifornien\/","og_locale":"en_US","og_type":"article","og_title":"Disney Hotels Kalifornien - mausgecheckt - das Disney Vlog \u00fcber Cruise Line und Parks auf Deutsch","og_description":"In unserem Podcast stellen wir euch ja die Hotels vor&#8230; begleitend hier einmal die Infos zu den nicht-DVC Hotels. Jahr Hotelname Kategorie und so&#8230; 1955 Disneyland Hotel Deluxe Er\u00f6ffnet am 5. Oktober 1955 \u2013 urspr\u00fcnglich privat betrieben, sp\u00e4ter von Disney \u00fcbernommen 1989 Disney\u2019s Paradise Pier Hotel (urspr\u00fcnglich Pan Pacific Hotel) Deluxe 1984 als Pan Pacific [&hellip;]","og_url":"https:\/\/mausgecheckt.de\/index.php\/disneyland-kalifornien\/disney-hotels-kalifornien\/","og_site_name":"mausgecheckt - das Disney Vlog \u00fcber Cruise Line und Parks auf Deutsch","article_publisher":"https:\/\/facebook.com\/mausgecheckt","article_modified_time":"2025-11-01T19:53:06+00:00","og_image":[{"width":400,"height":400,"url":"https:\/\/mausgecheckt.de\/wp-content\/uploads\/2025\/01\/Logo-Mausgecheckt-v3-quadrat-400.jpg","type":"image\/jpeg"}],"twitter_card":"summary_large_image","twitter_misc":{"Est. reading time":"1 minute"},"schema":{"@context":"https:\/\/schema.org","@graph":[{"@type":"WebPage","@id":"https:\/\/mausgecheckt.de\/index.php\/disneyland-kalifornien\/disney-hotels-kalifornien\/","url":"https:\/\/mausgecheckt.de\/index.php\/disneyland-kalifornien\/disney-hotels-kalifornien\/","name":"Disney Hotels Kalifornien - mausgecheckt - das Disney Vlog \u00fcber Cruise Line und Parks auf Deutsch","isPartOf":{"@id":"https:\/\/mausgecheckt.de\/#website"},"datePublished":"2025-11-01T19:52:32+00:00","dateModified":"2025-11-01T19:53:06+00:00","breadcrumb":{"@id":"https:\/\/mausgecheckt.de\/index.php\/disneyland-kalifornien\/disney-hotels-kalifornien\/#breadcrumb"},"inLanguage":"en-US","potentialAction":[{"@type":"ReadAction","target":["https:\/\/mausgecheckt.de\/index.php\/disneyland-kalifornien\/disney-hotels-kalifornien\/"]}]},{"@type":"BreadcrumbList","@id":"https:\/\/mausgecheckt.de\/index.php\/disneyland-kalifornien\/disney-hotels-kalifornien\/#breadcrumb","itemListElement":[{"@type":"ListItem","position":1,"name":"mausgecheckt","item":"https:\/\/mausgecheckt.de\/"},{"@type":"ListItem","position":2,"name":"Disneyland Kalifornien","item":"https:\/\/mausgecheckt.de\/index.php\/disneyland-kalifornien\/"},{"@type":"ListItem","position":3,"name":"Disney Hotels Kalifornien"}]},{"@type":"WebSite","@id":"https:\/\/mausgecheckt.de\/#website","url":"https:\/\/mausgecheckt.de\/","name":"mausgecheckt - das Disney Vlog \u00fcber Cruise Line und Parks auf Deutsch","description":"shows me where to go: Disney Cruise Line, Walt Disney World, Disney Parks weltweit auf Youtube","publisher":{"@id":"https:\/\/mausgecheckt.de\/#organization"},"alternateName":"Disnerds vloggen auf Deutsch \u00fcber weltweite Disney-Reisen","potentialAction":[{"@type":"SearchAction","target":{"@type":"EntryPoint","urlTemplate":"https:\/\/mausgecheckt.de\/?s={search_term_string}"},"query-input":{"@type":"PropertyValueSpecification","valueRequired":true,"valueName":"search_term_string"}}],"inLanguage":"en-US"},{"@type":"Organization","@id":"https:\/\/mausgecheckt.de\/#organization","name":"Mausgecheckt","alternateName":"Mausgecheckt von Stefanie & Andre Gellert","url":"https:\/\/mausgecheckt.de\/","logo":{"@type":"ImageObject","inLanguage":"en-US","@id":"https:\/\/mausgecheckt.de\/#\/schema\/logo\/image\/","url":"https:\/\/mausgecheckt.de\/wp-content\/uploads\/2025\/01\/cropped-Logo-Mausgecheckt-v3-quadrat-400.jpg","contentUrl":"https:\/\/mausgecheckt.de\/wp-content\/uploads\/2025\/01\/cropped-Logo-Mausgecheckt-v3-quadrat-400.jpg","width":512,"height":512,"caption":"Mausgecheckt"},"image":{"@id":"https:\/\/mausgecheckt.de\/#\/schema\/logo\/image\/"},"sameAs":["https:\/\/facebook.com\/mausgecheckt","https:\/\/instagram.com\/mausgecheckt","https:\/\/youtube.com\/@mausgecheckt"]}]}},"_links":{"self":[{"href":"https:\/\/mausgecheckt.de\/index.php\/wp-json\/wp\/v2\/pages\/897","targetHints":{"allow":["GET"]}}],"collection":[{"href":"https:\/\/mausgecheckt.de\/index.php\/wp-json\/wp\/v2\/pages"}],"about":[{"href":"https:\/\/mausgecheckt.de\/index.php\/wp-json\/wp\/v2\/types\/page"}],"author":[{"embeddable":true,"href":"https:\/\/mausgecheckt.de\/index.php\/wp-json\/wp\/v2\/users\/1"}],"replies":[{"embeddable":true,"href":"https:\/\/mausgecheckt.de\/index.php\/wp-json\/wp\/v2\/comments?post=897"}],"version-history":[{"count":1,"href":"https:\/\/mausgecheckt.de\/index.php\/wp-json\/wp\/v2\/pages\/897\/revisions"}],"predecessor-version":[{"id":898,"href":"https:\/\/mausgecheckt.de\/index.php\/wp-json\/wp\/v2\/pages\/897\/revisions\/898"}],"up":[{"embeddable":true,"href":"https:\/\/mausgecheckt.de\/index.php\/wp-json\/wp\/v2\/pages\/523"}],"wp:attachment":[{"href":"https:\/\/mausgecheckt.de\/index.php\/wp-json\/wp\/v2\/media?parent=897"}],"curies":[{"name":"wp","href":"https:\/\/api.w.org\/{rel}","templated":true}]}}